pose -239142 = 2818*c - 2824*c. Is c composite?
False
Let y(j) = -89*j - 27. Let g be -2 + (-30)/(-40) + (-150)/8. Is y(g) a composite number?
False
Let i(n) = n**3 + 7*n**2 - 7*n + 11. Let m be i(-8). Let z(y) = 0*y**2 - 5 - 2*y**2 - 104*y**3 + y**2 - 96*y**3 - m*y. Is z(-2) a composite number?
False
Suppose 69*m - 46*m = -28*m + 10288281. Is m composite?
False
Let p(q) = 13*q**3 - 21*q**2 - 4*q + 1. Suppose 22 = 7*j - 41. Is p(j) prime?
True
Let f(v) = -27*v**3 - 103*v**2 + 26*v + 5. Is f(-19) composite?
True
Suppose -j + 4*a = -21093, -3*j + 366*a = 369*a - 63264. Is j a prime number?
True
Let h = -275 - -257. Is ((-30)/h)/(1/3) - -417 a prime number?
False
Is (13/208*116 + -7)*50884 composite?
False
Is (61/183 + 46702/(-3))/(3/(-3)) a composite number?
True
Suppose 9*z = 4*z + w - 10481, -4 = w. Let u = z + 4250. Is u a composite number?
False
Let m(d) = -976*d - 2. Let t be m(-2). Let h = t + 1093. Is h composite?
True
Let y = 8671 - -984. Is y prime?
False
Suppose 19*n = 11*n + 16. Suppose -3*s - n*v + 1115 = 0, 2 = -3*v + 5. Is s a composite number?
True
Is (-28)/8 - (-9498225)/66 composite?
False
Let h(f) = -237*f**2 - 5*f - 6. Let r be h(4). Let d = -2679 - r. Is d prime?
False
Let f(s) = -13*s**3 - 12*s**2 - 27*s + 7. Let y be f(-10). Let a = 30432 - y. Is a a composite number?
True
Let p = 34 - 37. Let j be 0 + -1 - p - 4/1. Is 2 + 450*1 + -3 - j a composite number?
True
Is ((-1)/(-6))/(8/542576) - 20/30 a prime number?
False
Let z(n) = -34133*n - 1349. Is z(-6) composite?
False
Let f(q) = 1363*q**2 + 45*q + 205. Is f(-6) a prime number?
True
Let k = 46 - 42. Suppose g = -k*g - 7120. Let i = g - -2611. Is i prime?
True
Let n(u) = 2*u**2 + 20*u + 37. Let o be n(-8). Suppose 8*b - 5*b - o*j = 33670, -4*j = -2*b + 22450. Is b a prime number?
False
Suppose -2*h = -3*t + 6865, 2*t - 3*h + 7*h = 4566. Let x(r) = -20*r**3 - 4*r**2 - 2*r + 24. Let j be x(-4). Let m = t - j. Is m a composite number?
False
Let t = -256 + 266. Suppose -t*z + 69397 - 13247 = 0. Is z prime?
False
Suppose 5*f = 5*p - 20, -2*p = -8*f + 10*f + 8. Let d(r) = -13*r + 919. Is d(p) a composite number?
False
Let o = 15379 + -9965. Is o composite?
True
Let k be (2 + 0)*(-3)/6*-1790. Let m = k - 1021. Is m composite?
False
Suppose 4*n - u = 1651430, 44*n - u = 48*n - 1651442. Is n composite?
False
Let a = 271 + -270. Suppose 3*k - 6998 = b, b = -a + 2. Is k prime?
True
Let l be 12/36 - (-14)/3. Suppose -5*c + 26640 = -l*q, 5*c - 26635 = -0*c + 4*q. Is c a prime number?
True
Let w(x) = -3*x**2 + 12*x + 12. Let n(f) = 4*f**2 - 11*f - 11. Let s(z) = -4*n(z) - 5*w(z). Let p be s(-9). Let h = p - -18. Is h composite?
True
Let c = 39655 - 26634. Is c a prime number?
False
Let r = 122 + -120. Is 10418*((-3)/r - -2) a composite number?
False
Let g(y) = 8*y**2 - 15*y - 7. Suppose 0*p = 4*p + 24. Let o be g(p). Suppose d = -4*r + o, -r - 1461 = -3*d - 322. Is d a prime number?
True
Let o = 293913 - 171418. Is o a prime number?
False
Let z = -115105 - -397766. Is z composite?
False
Let r = -5264 - -5270. Suppose 3858 - 728 = 5*n. Suppose n = r*y - 586. Is y a prime number?
False
Is ((-27269)/(-55) + 20)*355 a prime number?
False
Let b = -2971519 + 4867266. Is b a prime number?
False
Let n be 563/2 + (-4)/(-8). Let t be ((-8)/(-10))/(4 + n/(-70)). Is (t/(-14))/(4/235)*2 a composite number?
True
Suppose -289*z + 304968951 - 53479417 = 0. Is z a composite number?
True
Let n(r) = 2*r**3 - 15*r**2 - 5*r - 24. Let c be n(8). Suppose 4*x = -t + 193, 4*x - 3*t - t - 208 = c. Is x a prime number?
False
Suppose 0 = 5*d - 3*v - 510605, v - 510605 = -63*d + 58*d. Is d prime?
True
Suppose 13*b = -90*b - 212*b + 16792965. Is b prime?
False
Let n(l) = -l**3 + 16*l**2 - 38*l - 15. Let w be n(13). Let o(k) = k**2. Let c(f) = -175*f**2 + f - 1. Let a(z) = -c(z) - 3*o(z). Is a(w) a prime number?
True
Let b(p) = -1428*p**3 - 7*p**2 - p - 5. Is b(-2) composite?
False
Let k = -3359 - -3357. Let n be (159*-1)/(1/(-39)). Is n/12 - (k + (-14)/(-8)) prime?
False
Let a be ((-21)/7 + -2)/(-1). Suppose 1893 = 2*u + 3*j + 298, 3994 = a*u + j. Is u composite?
True
Let a = -27574 - -51547. Suppose -549*b + a = -546*b. Is b prime?
False
Let v(s) = 23*s. Let c be v(2). Let g = 19 - c. Let k = 320 + g. Is k prime?
True
Let g be ((-2)/(-4))/((-4)/(-16)). Is (-184)/g*((-2055)/(-12))/(-5) a prime number?
False
Suppose -o + 4*l - l + 17 = 0, -5*l - 25 = 0. Let k be o/1*(-343)/14. Let w = 33 - k. Is w composite?
True
Suppose 1 = 4*k - 7. Let u be (41/k)/(15/(-150)). Let o = 452 + u. Is o composite?
True
Let v(r) = -4139*r + 1073. Is v(-32) prime?
False
Let y be (-2)/(-9) - 8662*(-795)/270. Let g = y + -16506. Is g composite?
False
Suppose 4*u - 17 = 3*u. Suppose r - u = -3*d, 5*d - 43 = -3*r - 8. Suppose r*m - 2*z = 2451, z + 2447 = 5*m - 3*z. Is m a prime number?
True
Suppose -152*j + 388*j - 185818612 = 0. Is j prime?
False
Let v be 45/30 + 6/4. Suppose -3*w - 2472 = -2*f - 9869, v*f = -5*w + 12341. Suppose 3*n - 6*g - w = -2*g, 817 = n + 4*g. Is n a prime number?
True
Let o(w) = 36*w - 76. Let y be o(-12). Is 205/(-82)*y/10 a prime number?
True
Let s be (-4 - -1) + (-4 + 3)*-7. Is 3/s - 91443/(-12) composite?
False
Suppose -3*i = 5*j + 19, -2*j - j = -5*i + 25. Is (-4 - (-974)/4)/(i/4) a composite number?
False
Let v(r) = r + 314. Suppose 5*k = 3*c + 12, k - c = -2*c + 4. Suppose k*n = 8*n. Is v(n) prime?
False
Let z be (-1 - 14)/(-5) - -2. Is 3/z + 7928/20 a prime number?
True
Let j(b) = 19*b**2 + b + 99. Suppose -11*d = -1 - 153. Is j(d) a prime number?
False
Let i be ((-30)/25)/3 + (-34)/(-10). Suppose 7*x - 47307 = -3*w + 3*x, 3*w - 47307 = i*x. Is w a prime number?
False
Let q(i) = 39*i - i - 6*i + 24*i + 17. Let b be q(8). Let d = b + 94. Is d a composite number?
True
Let g = 376 - 638. Let q = g - -461. Is q a prime number?
True
Let v = -36689 + 171466. Is v a composite number?
False
Let c = 576 + -573. Suppose -b + 5*b = 2*y - 2414, y - c*b = 1205. Is y composite?
True
Let f(i) = i**3 - 4*i**2 + i - 1. Let w be f(4). Let n be w/(-18)*-2*15. Suppose -2*x + 4*l + 2584 = 2*x, -4*x - n*l = -2593. Is x a prime number?
True
Let t(z) = -417*z + 37. Let x(j) = -626*j + 56. Let c(l) = 7*t(l) - 5*x(l). Let w be c(5). Let s = 63 + w. Is s a composite number?
False
Let g = 54619 + 106504. Is g prime?
True
Let v(d) = d**3 + 10*d**2 - 20*d - 13. Suppose -3*b - 39 = -3*c, 5*b + c + 52 = 5. Is v(b) composite?
True
Suppose -4*k - 4*x + 84 = -2*x, x + 78 = 4*k. Suppose 161 = 4*q + z, 0 = -5*q - 3*z + 190 + k. Suppose q*d = 40*d - 2551. Is d a prime number?
True
Is (-1)/((3/6)/((-175911)/6)) a composite number?
True
Let p(l) be the second derivative of 9*l**5/20 - 7*l**4/6 - 3*l**3/2 - 29*l**2/2 + 2*l - 48. Is p(7) a prime number?
True
Let i = -96334 - -164795. Is i composite?
True
Suppose n = -3*t + 15152, 3*t - 55918 = -3*n - 10444. Is n prime?
True
Suppose 32528 = 7*l + 3247. Let d = -2877 + l. Is d composite?
True
Let k(r) = -r**3 + 3*r**2 + 6*r - 25. Let j be k(3). Let v(u) = -483*u - 110. Is v(j) composite?
False
Let s(q) be the second derivative of 47*q**3/2 - 7*q**2/2 - 23*q. Let j be s(4). Is j/(1 + 0/2) prime?
True
Let f(t) = 70*t**2 - 144*t + 2965. Is f(23) composite?
False
Let r = 16 - 10. Let n(t) be the third derivative of 73*t**4/24 - t**3/6 + 2*t**2 - 82*t. Is n(r) a composite number?
True
Suppose -5*a + y + 845760 = 0, -676584 = -4*a + 12*y - 16*y. Is a a composite number?
False
Let m(v) = 14*v**3 - 20*v**2 - 27*v + 621. Is m(14) prime?
True
Let w(y) = -1824*y - 2725. Is w(-78) a prime number?
True
Let s(v) = v**2 - 4*v - 10. Let h be s(0). Is 2*(4175/h)/(-5) a composite number?
False
Let b = -28 - -21. Let p(n) = -10*n**2 + 10*n + 18. Let t be p(b). Is (t/(-10) + 2)*3*5 composite?
True
Suppose 3*c = c + 4*o - 1432, c + 696 = -2*o. Let n = 201 - c. Is n composite?
False
Suppose -4198 = 13*i - 11660. Is 9 + i + 0 + (-4)/(-1) prime?
True
Suppose s + 62074 - 312902 = 423798. Is s a composite number?
True
Let c(z) = -4*z**3 + 5*z**2 + 4*z - 19. Let g(w) = -w**2 - 14*w + 45. Let n be g(-14). Let x be (-60)/n*(-2 - -8). Is c(x) a prime number?
False
Let h be 2/(-36)*3 - (-1)/6. Suppose h*l = -7*l + 157969. Is l a composite number?
False
Let u be (4 - 92/16)/(3/(-12)). Suppose -u*f = -12588 - 15335. Is f prime?
Tru